alculate the remainder when 890 is divided by 99.
98
What is the remainder when 1887 is divided by 117?
15
Calculate the remainder when 172 is divided by 36.
28
Calculate the remainder when 283 is divided by 18.
13
Calculate the remainder when 125 is divided by 24.
5
What is the remainder when 7937 is divided by 3964?
9
What is the remainder when 1522 is divided by 216?
10
Calculate the remainder when 781 is divided by 29.
27
What is the remainder when 445 is divided by 65?
55
Calculate the remainder when 204 is divided by 20.
4
What is the remainder when 5932 is divided by 1180?
32
Calculate the remainder when 1764 is divided by 161.
154
Calculate the remainder when 79 is divided by 16.
15
What is the remainder when 2232 is divided by 56?
48
Calculate the remainder when 118 is divided by 5.
3
What is the remainder when 53 is divided by 37?
16
Calculate the remainder when 83 is divided by 15.
8
Calculate the remainder when 43 is divided by 10.
3
Calculate the remainder when 765 is divided by 24.
21
What is the remainder when 698 is divided by 229?
11
Calculate the remainder when 2750 is divided by 4.
2
Calculate the remainder when 438 is divided by 22.
20
Calculate the remainder when 480 is divided by 248.
232
What is the remainder when 237 is divided by 38?
9
What is the remainder when 59 is divided by 54?
5
Calculate the remainder when 276 is divided by 43.
18
Calculate the remainder when 507 is divided by 102.
99
Calculate the remainder when 175 is divided by 83.
9
What is the remainder when 54 is divided by 40?
14
What is the remainder when 665 is divided by 171?
152
Calculate the remainder when 2466 is divided by 409.
12
What is the remainder when 97242 is divided by 92?
90
What is the remainder when 326 is divided by 314?
12
Calculate the remainder when 822 is divided by 270.
12
What is the remainder when 938 is divided by 273?
119
What is the remainder when 16307 is divided by 9?
8
Calculate the remainder when 207 is divided by 19.
17
Calculate the remainder when 949 is divided by 296.
61
What is the remainder when 331 is divided by 83?
82
Calculate the remainder when 2021 is divided by 404.
1
What is the remainder when 89 is divided by 18?
17
What is the remainder when 1441 is divided by 717?
7
Calculate the remainder when 47 is divided by 21.
5
Calculate the remainder when 25 is divided by 9.
7
Calculate the remainder when 870 is divided by 4.
2
Calculate the remainder when 123 is divided by 9.
6
What is the remainder when 453 is divided by 57?
54
What is the remainder when 69 is divided by 9?
6
What is the remainder when 559 is divided by 80?
79
Calculate the remainder when 6 is divided by 2.
0
What is the remainder when 1078 is divided by 13?
12
Calculate the remainder when 161 is divided by 152.
9
What is the remainder when 107 is divided by 47?
13
What is the remainder when 272 is divided by 63?
20
Calculate the remainder when 11152 is divided by 22.
20
What is the remainder when 191 is divided by 65?
61
What is the remainder when 1933 is divided by 57?
52
Calculate the remainder when 115 is divided by 60.
55
What is the remainder when 809 is divided by 36?
17
Calculate the remainder when 11750 is divided by 104.
102
Calculate the remainder when 10445 is divided by 81.
77
What is the remainder when 51 is divided by 25?
1
Calculate the remainder when 1224 is divided by 10.
4
What is the remainder when 165 is divided by 79?
7
What is the remainder when 4417 is divided by 79?
72
Calculate the remainder when 95 is divided by 26.
17
What is the remainder when 77 is divided by 72?
5
What is the remainder when 34 is divided by 15?
4
What is the remainder when 455 is divided by 385?
70
What is the remainder when 1198 is divided by 151?
141
What is the remainder when 1100 is divided by 365?
5
Calculate the remainder when 886 is divided by 81.
76
Calculate the remainder when 9597 is divided by 32.
29
Calculate the remainder when 2109 is divided by 16.
13
What is the remainder when 3407 is divided by 31?
28
What is the remainder when 979 is divided by 45?
34
What is the remainder when 320 is divided by 21?
5
Calculate the remainder when 225 is divided by 54.
9
Calculate the remainder when 1054 is divided by 127.
38
Calculate the remainder when 11135 is divided by 48.
47
Calculate the remainder when 63 is divided by 18.
9
What is the remainder when 20 is divided by 12?
8
Calculate the remainder when 2495 is divided by 64.
63
Calculate the remainder when 1079 is divided by 34.
25
What is the remainder when 1860 is divided by 230?
20
What is the remainder when 2045 is divided by 32?
29
Calculate the remainder when 343 is divided by 69.
67
Calculate the remainder when 34 is divided by 20.
14
Calculate the remainder when 205 is divided by 26.
23
What is the remainder when 838 is divided by 127?
76
Calculate the remainder when 325 is divided by 66.
61
Calculate the remainder when 139 is divided by 14.
13
What is the remainder when 3261 is divided by 12?
9
Calculate the remainder when 315 is divided by 111.
93
Calculate the remainder when 29456 is divided by 13.
11
What is the remainder when 3212 is divided by 20?
12
Calculate the remainder when 1767 is divided by 68.
67
What is the remainder when 60 is divided by 17?
9
Calculate the remainder when 328 is divided by 58.
38
What is the remainder when 622 is divided by 39?
37
Calculate the remainder when 4060 is divided by 1015.
0
Calculate the remainder when 973 is divided by 274.
151
Calculate the remainder when 388 is divided by 36.
28
Calculate the remainder when 162 is divided by 19.
10
What is the remainder when 61 is divided by 33?
28
What is the remainder when 397 is divided by 5?
2
Calculate the remainder when 85 is divided by 23.
16
What is the remainder when 86 is divided by 66?
20
Calculate the remainder when 75 is divided by 17.
7
Calculate the remainder when 1419 is divided by 7.
5
Calculate the remainder when 574 is divided by 145.
139
Calculate the remainder when 4774 is divided by 35.
14
What is the remainder when 4605 is divided by 110?
95
What is the remainder when 1517 is divided by 219?
203
Calculate the remainder when 387 is divided by 56.
51
Calculate the remainder when 12408 is divided by 170.
168
Calculate the remainder when 506 is divided by 58.
42
What is the remainder when 62 is divided by 33?
29
What is the remainder when 76 is divided by 66?
10
What is the remainder when 432 is divided by 141?
9
What is the remainder when 1068 is divided by 179?
173
What is the remainder when 102 is divided by 21?
18
What is the remainder when 249 is divided by 63?
60
What is the remainder when 1010 is divided by 26?
22
What is the remainder when 109 is divided by 27?
1
Calculate the remainder when 540 is divided by 78.
72
Calculate the remainder when 402 is divided by 41.
33
Calculate the remainder when 66 is divided by 17.
15
What is the remainder when 110 is divided by 24?
14
What is the remainder when 3 is divided by 3?
0
What is the remainder when 172 is divided by 7?
4
Calculate the remainder when 304 is divided by 32.
16
What is the remainder when 1182 is divided by 180?
102
What is the remainder when 1459 is divided by 86?
83
Calculate the remainder when 42 is divided by 20.
2
What is the remainder when 1080 is divided by 6?
0
What is the remainder when 341 is divided by 42?
5
What is the remainder when 41 is divided by 19?
3
Calculate the remainder when 2906 is divided by 2895.
11
What is the remainder when 530 is divided by 107?
102
What is the remainder when 1587 is divided by 28?
19
What is the remainder when 866 is divided by 175?
166
Calculate the remainder when 1612 is divided by 796.
20
Calculate the remainder when 608 is divided by 36.
32
Calculate the remainder when 1389 is divided by 1382.
7
What is the remainder when 84 is divided by 17?
16
What is the remainder when 8154 is divided by 255?
249
Calculate the remainder when 252 is divided by 39.
18
What is the remainder when 425 is divided by 20?
5
Calculate the remainder when 18 is divided by 5.
3
Calculate the remainder when 108 is divided by 38.
32
Calculate the remainder when 282 is divided by 76.
54
Calculate the remainder when 324 is divided by 27.
0
What is the remainder when 320 is divided by 19?
16
What i